 are the prime factors of 8681884?
2, 1039, 2089
List the prime factors of 137205.
3, 5, 3049
List the prime factors of 2344710.
2, 3, 5, 78157
List the prime factors of 6483342.
2, 3, 1080557
List the prime factors of 8963850.
2, 3, 5, 7, 8537
List the prime factors of 358241.
13, 17, 1621
What are the prime factors of 22956967?
11, 23, 73, 113
What are the prime factors of 358780?
2, 5, 17939
What are the prime factors of 2389806?
2, 3, 103, 1289
List the prime factors of 456463.
7, 61, 1069
List the prime factors of 8049086.
2, 283, 14221
What are the prime factors of 404597?
404597
List the prime factors of 746530.
2, 5, 74653
What are the prime factors of 80168?
2, 11, 911
What are the prime factors of 6777637?
6777637
What are the prime factors of 883727?
13, 67979
List the prime factors of 4224108.
2, 3, 7, 50287
List the prime factors of 115660.
2, 5, 5783
What are the prime factors of 3058689?
3, 1019563
What are the prime factors of 762970?
2, 5, 13, 5869
List the prime factors of 903654.
2, 3, 61, 823
List the prime factors of 2772620.
2, 5, 157, 883
What are the prime factors of 474001?
11, 41, 1051
List the prime factors of 421264.
2, 113, 233
What are the prime factors of 926950?
2, 5, 18539
What are the prime factors of 453674?
2, 13, 17449
What are the prime factors of 397753?
397753
List the prime factors of 153270.
2, 3, 5, 13, 131
List the prime factors of 860186.
2, 430093
What are the prime factors of 3435731?
13, 127, 2081
What are the prime factors of 7685913?
3, 127, 20173
List the prime factors of 2107848.
2, 3, 71, 1237
What are the prime factors of 6280?
2, 5, 157
What are the prime factors of 5689578?
2, 3, 948263
List the prime factors of 12058610.
2, 5, 17, 89, 797
What are the prime factors of 2055536?
2, 7, 18353
List the prime factors of 5603184.
2, 3, 167, 233
List the prime factors of 6687206.
2, 71, 47093
List the prime factors of 21851911.
137, 159503
List the prime factors of 9299518.
2, 4649759
What are the prime factors of 5098453?
17, 299909
What are the prime factors of 19403823?
3, 83, 149, 523
List the prime factors of 1567346.
2, 11, 191, 373
What are the prime factors of 5773863?
3, 17, 113213
What are the prime factors of 63320?
2, 5, 1583
List the prime factors of 448614.
2, 3, 24923
List the prime factors of 363658.
2, 349, 521
List the prime factors of 2570045.
5, 514009
What are the prime factors of 14006773?
11, 1273343
What are the prime factors of 725602?
2, 362801
List the prime factors of 19540364.
2, 4885091
What are the prime factors of 11318077?
379, 29863
What are the prime factors of 518086?
2, 83, 3121
What are the prime factors of 7954566?
2, 3, 1325761
What are the prime factors of 31702?
2, 11, 131
What are the prime factors of 631512?
2, 3, 7, 179
List the prime factors of 235608.
2, 3, 9817
List the prime factors of 55081.
13, 19, 223
What are the prime factors of 659332?
2, 191, 863
What are the prime factors of 892358?
2, 446179
List the prime factors of 323274.
2, 3, 7, 43, 179
What are the prime factors of 2031884?
2, 507971
List the prime factors of 134594.
2, 173, 389
What are the prime factors of 1784657?
7, 109, 2339
What are the prime factors of 97577?
97577
What are the prime factors of 4784738?
2, 7, 67, 5101
List the prime factors of 2269119.
3, 756373
What are the prime factors of 8092809?
3, 61, 14741
What are the prime factors of 1728424?
2, 17, 71, 179
List the prime factors of 9421475.
5, 7, 7691
List the prime factors of 3051971.
13, 18059
What are the prime factors of 2727290?
2, 5, 223, 1223
List the prime factors of 1277682.
2, 3, 7, 29, 1049
List the prime factors of 326662.
2, 7, 23333
List the prime factors of 281040.
2, 3, 5, 1171
List the prime factors of 846875.
5, 271
List the prime factors of 976593.
3, 31, 10501
What are the prime factors of 191658?
2, 3, 17, 1879
List the prime factors of 623649.
3, 13, 15991
What are the prime factors of 48556?
2, 61, 199
What are the prime factors of 113690?
2, 5, 11369
What are the prime factors of 633125?
5, 1013
List the prime factors of 6507280.
2, 5, 13, 6257
What are the prime factors of 372745?
5, 127, 587
What are the prime factors of 4663337?
7, 666191
List the prime factors of 8891896.
2, 13, 193, 443
What are the prime factors of 20793493?
7, 29, 14633
List the prime factors of 3329029.
11, 67, 4517
List the prime factors of 1619.
1619
What are the prime factors of 2594682?
2, 3, 47, 3067
List the prime factors of 85737.
3, 28579
What are the prime factors of 106351?
7, 15193
List the prime factors of 290820.
2, 3, 5, 37, 131
List the prime factors of 1195473.
3, 398491
What are the prime factors of 886261?
17, 37, 1409
List the prime factors of 9239.
9239
What are the prime factors of 87557?
87557
List the prime factors of 5468630.
2, 5, 546863
What are the prime factors of 9544500?
2, 3, 5, 7, 101
What are the prime factors of 256108?
2, 43, 1489
What are the prime factors of 3809927?
11, 23, 37
List the prime factors of 962379.
3, 11, 9721
What are the prime factors of 1659451?
1659451
What are the prime factors of 276317?
19, 14543
List the prime factors of 1827749.
7, 11, 3391
List the prime factors of 402034.
2, 179, 1123
What are the prime factors of 396811?
53, 7487
What are the prime factors of 2434253?
2434253
List the prime factors of 579605.
5, 13, 37, 241
List the prime factors of 1572145.
5, 41, 7669
List the prime factors of 20325079.
19, 1069741
List the prime factors of 5513669.
7, 787667
List the prime factors of 2862087.
3, 41, 23269
What are the prime factors of 12981043?
37, 79, 4441
What are the prime factors of 2498222?
2, 1249111
List the prime factors of 18359711.
17, 1079983
What are the prime factors of 56102?
2, 28051
What are the prime factors of 7199470?
2, 5, 719947
List the prime factors of 305603.
305603
List the prime factors of 38892.
2, 3, 7, 463
What are the prime factors of 79640?
2, 5, 11, 181
What are the prime factors of 201745?
5, 157, 257
What are the prime factors of 1645364?
2, 7, 58763
What are the prime factors of 10658383?
10658383
What are the prime factors of 835014?
2, 3, 139169
What are the prime factors of 1051098?
2, 3, 167, 1049
What are the prime factors of 16835947?
16835947
List the prime factors of 37937607.
3, 12645869
List the prime factors of 6512173.
17, 383069
What are the prime factors of 512619?
3, 170873
What are the prime factors of 163366?
2, 7, 1667
List the prime factors of 9670393.
283, 34171
List the prime factors of 2020428.
2, 3, 56123
List the prime factors of 11216037.
3, 7, 389, 1373
List the prime factors of 240064.
2, 11, 31
What are the prime factors of 242922?
2, 3, 40487
List the prime factors of 231119.
7, 137, 241
What are the prime factors of 2140439?
7, 167, 1831
What are the prime factors of 759499?
13, 37, 1579
List the prime factors of 3746358.
2, 3, 7, 11, 17, 53
What are the prime factors of 238558?
2, 181, 659
List the prime factors of 14314772.
2, 3578693
What are the prime factors of 16520219?
293, 56383
List the prime factors of 26929.
7, 3847
List the prime factors of 1275856.
2, 23, 3467
What are the prime factors of 467181?
3, 11, 13
What are the prime factors of 602236?
2, 150559
What are the prime factors of 11632987?
79, 147253
What are the prime factors of 15413?
15413
List the prime factors of 7401800.
2, 5, 7, 17, 311
List the prime factors of 24263823.
3, 37, 79, 2767
List the prime factors of 4250703.
3, 743, 1907
What are the prime factors of 44993?
13, 3461
List the prime factors of 4914608.
2, 307163
List the prime factors of 219794.
2, 109897
List the prime factors of 628458.
2, 3, 104743
What are the prime factors of 2786769?
3, 419, 739
What are the prime factors of 468466?
2, 29, 41, 197
List the prime factors of 2154327.
3, 7, 102587
What are the prime factors of 263374?
2, 131687
List the prime factors of 600970.
2, 5, 19, 3163
What are the prime factors of 561204?
2, 3, 7, 17, 131
What are the prime factors of 22398160?
2, 5, 279977
What are the prime factors of 23085776?
2, 7, 206123
What are the prime factors of 1147136?
2, 4481
List the prime factors of 172305.
3, 5, 7, 547
List the prime factors of 22367863.
7, 479, 953
What are the prime factors of 1016810?
2, 5, 101681
What a